reatest common factor of r and b.
13
Let j(s) = -16*s**3 + 3*s**2 - 5. Let y be j(-2). What is the greatest common factor of 15 and y?
15
Let c(y) = 63*y**2 + 2. Let z be c(1). What is the greatest common divisor of 26 and z?
13
Let o be -3 - -4 - (-7 - 2). Let c = o - 7. What is the highest common factor of c and 15?
3
Let y(z) = 2*z**2 + 11*z. Let q be y(-8). Let s = q - 28. Let w be ((-1)/(-3))/(1/s). Calculate the highest common divisor of w and 2.
2
Suppose -2*y = 4*f + y - 136, 170 = 5*f + 4*y. Let m = -19 + f. Calculate the highest common factor of m and 150.
15
Let m(f) = f**2. Let x = 4 + -9. Let o(y) = -y**3 - 6*y**2 - 5*y + 5. Let i be o(x). Let c be m(i). What is the highest common factor of 10 and c?
5
Let v be (6 + 53 - 6) + 1*-3. Calculate the greatest common factor of 150 and v.
50
Let m be (0 - 12)*4/(-3). Calculate the highest common factor of 24 and m.
8
Let k = 47 - 69. Let q be k/4*18/(-9). Let m(p) = -p**3 + 5*p**2 - 5. Let o be m(4). What is the highest common factor of o and q?
11
Let s = 5 + 1. What is the greatest common divisor of 48 and s?
6
Let b(t) = -2*t**3 - t**2 - t. Let c be b(-1). Suppose -c*p - 1 = -13. What is the greatest common divisor of p and 18?
6
Let k be ((-60)/14)/((-1)/7). Calculate the greatest common factor of 5 and k.
5
Let h(j) = 4*j**2 - 2*j - 2. Let s be h(2). Suppose 0 = -3*o + o + s. Suppose 16 = o*c - 9. What is the highest common divisor of c and 55?
5
Suppose 0 = t - 102 - 107. What is the highest common divisor of 19 and t?
19
Let g(a) = -a**3 - 6*a**2 - 5*a. Let w be g(-5). Suppose 31 + 33 = 3*q + 4*s, w = s + 2. Calculate the highest common divisor of 48 and q.
24
Let o be (-30)/(-20)*(-64)/6. Let t = 0 - o. Calculate the greatest common divisor of t and 40.
8
Let r be ((-4)/6*3)/(-1). Suppose -r = m - 0*m, -3*a = m - 193. What is the highest common divisor of 26 and a?
13
Let z(y) = 3*y - 71. Let c be z(28). Calculate the greatest common divisor of 13 and c.
13
Let l(f) = -4*f**3 + f**2 - f - 4. Let t be l(-3). What is the greatest common divisor of 29 and t?
29
Let v = 15 - 21. Let u(i) = -28*i - 8. Let q be u(v). Calculate the greatest common factor of q and 20.
20
Let i be 44*(0 + 1/4). Calculate the greatest common factor of 1 and i.
1
Let c be 2/(-8) - (-1435)/28. Calculate the highest common divisor of c and 34.
17
Let q = 42 + -12. Calculate the greatest common divisor of q and 10.
10
Suppose -2*j + v = -9 - 7, v - 8 = -2*j. Suppose q - 3 = -1. Calculate the greatest common factor of j and q.
2
Let t = -52 - -77. What is the highest common factor of 25 and t?
25
Suppose k - 5*o - 207 = 0, 2*k = 2*o + 84 + 338. Suppose k + 13 = 3*l. Let m be 3 + 1 + 23 - -3. Calculate the highest common factor of m and l.
15
Let b(g) be the third derivative of g**4/24 - g**3 - g**2. Let u be b(10). What is the highest common factor of u and 6?
2
Let b = -16 - -19. Suppose 5*v + 5*m - 160 = 0, 3*m + 82 = 3*v + 16. Suppose b*t + 0*t - v = 0. What is the highest common factor of 27 and t?
9
Let g = 3 - 2. Suppose -27*o + 72 = -9*o. Calculate the highest common divisor of g and o.
1
Let g = -33 - -48. Let u be (70/g)/(2/27). Calculate the highest common factor of 9 and u.
9
Let i(k) be the third derivative of k**5/60 - 5*k**4/24 - k**3/2 - 4*k**2. Let n be i(6). What is the highest common divisor of n and 1?
1
Let c = -96 - -113. Calculate the highest common factor of 68 and c.
17
Let s(b) = -b**2 - 10*b - 6. Let d be s(-9). Let r(l) = -6*l + l**3 + 6 - d*l**2 + 3*l + l. Let c be r(4). Calculate the greatest common divisor of 98 and c.
14
Let o = 2 + 1. Suppose 0 = o*p - 9 - 42. Let y(r) = 46*r + 3. Let k be y(4). What is the greatest common factor of p and k?
17
Suppose -r + 960 = 3*r. What is the greatest common divisor of r and 30?
30
Let i be -2 - 1/((-3)/6). Suppose -4*w - w + 35 = i. Calculate the highest common divisor of 14 and w.
7
Let m(f) = f**3 + 7*f**2 + 7*f + 18. Let p be m(-5). What is the greatest common factor of p and 22?
11
Let a(j) = j**3 + 3*j**2 - j. Let m be a(-3). Suppose -i = -m*q, 2*q + 6 = -2*i + 6*q. Let n = 5 - i. What is the highest common factor of 70 and n?
14
Let w(x) = x**2 + 8*x + 9. Let b be w(-7). Suppose -102 = b*z + 4*v, -7*v = 3*z - 3*v + 143. Let m = z + 86. What is the greatest common divisor of m and 9?
9
Let h(r) = 15*r - 12. Let p be h(4). Calculate the greatest common divisor of 12 and p.
12
Suppose -3*c + 15 = 2*d, -6 = 4*c - 6*c. Suppose 4*h = u - 47, -u + d*u - 101 = h. Calculate the greatest common divisor of u and 34.
17
Suppose -138 = -5*i + 12. Suppose 0 = -3*f + 4*l + 14 + 1, 0 = 3*f + l - i. What is the greatest common factor of 18 and f?
9
Let j(t) = -7*t + 7. Let c be j(-10). What is the greatest common divisor of c and 11?
11
Let r(t) = -t**3 - 12*t**2 - 13*t + 6. Let u be r(-11). Calculate the highest common factor of 308 and u.
28
Suppose 126 = -0*k + 14*k. Calculate the highest common factor of k and 3.
3
Let d(o) = 4*o**3 + o**2 + 4*o - 4. Let i be d(2). What is the greatest common factor of 440 and i?
40
Let d(l) = -2*l**3 + 3*l**2 + 4*l + 2. Let h be d(-2). Suppose 788 = 4*f + 4*k, -3*f = -4*f - 4*k + 194. Calculate the highest common factor of f and h.
22
Suppose 0 = 3*f - 67 - 47. What is the greatest common factor of 19 and f?
19
Let s = 98 - 14. Let d = s - 44. Suppose -11 = -2*z + 5. What is the greatest common factor of z and d?
8
Let a(x) = x**3 + 13*x**2 - 13*x + 10. Let g be a(-14). Let r be (-4 - 21/g)*4. What is the greatest common factor of r and 5?
5
Let x(o) be the second derivative of 0 - 1/20*o**5 + 2/3*o**3 - o - 1/2*o**4 - 7/2*o**2. Let q be x(-7). What is the highest common divisor of q and 14?
14
Suppose 0 = 3*t, 5*l - 91 = -3*t - 26. Let f = 184 - 38. Let w = f - 81. Calculate the greatest common divisor of w and l.
13
Let t(l) = 4*l**2 + l - 1. Let g be t(1). Let j(b) = b**2 - 4*b + 4. Let m be j(6). Let c = m + g. Calculate the greatest common divisor of c and 30.
10
Let y be -2 + (2 + 1 - -19). Suppose 3*i - y = 7. What is the greatest common divisor of i and 3?
3
Let d be (-5)/(-2)*(-48)/(-40). What is the greatest common divisor of 3 and d?
3
Let b(u) = u**2 - 2*u - 4. Let c be b(4). Let h be (4/10)/(c/10). Calculate the highest common factor of h and 8.
1
Let z(q) = 2*q - 4. Let w be z(7). Calculate the highest common factor of 2 and w.
2
Let d(s) = -s**3 - 4*s**2 + 7*s. Let w be d(-6). Let r be -1 + 2*4 + -1. Calculate the greatest common divisor of r and w.
6
Let w = 42 - 36. What is the highest common factor of 60 and w?
6
Suppose 11 = 3*i - 13. Calculate the highest common factor of i and 72.
8
Suppose 0 = -4*j - 12 + 44. Suppose -321 = 4*y - 997. Suppose y = 5*p - 271. Calculate the highest common divisor of p and j.
8
Suppose 3 = -6*h + 3*h. Let p be (8/(-16))/(h/8). Suppose 4*l + 46 = 5*f, -5*f - 5*l = -0*f - 55. Calculate the greatest common factor of f and p.
2
Let q = -39 - -65. Calculate the highest common factor of 26 and q.
26
Suppose -327 = -2*u - i, -6*u - 5*i + 645 = -2*u. Calculate the highest common factor of u and 33.
33
Suppose 0 = -4*h + 11 - 3. Suppose -6 = h*k + 3*z + z, -z = -4*k + 24. Suppose -k*n = -0*n - 375. Calculate the greatest common factor of 30 and n.
15
Suppose 0 = -n + 3*k + 28, 8*k + 52 = 2*n + 3*k. Suppose 189 = -11*a + 541. What is the greatest common divisor of a and n?
16
Let p(d) = -7*d**2 - 9*d**3 - d - 4*d**2 + 2 + 8*d**3. Let t be p(-11). Calculate the highest common divisor of 26 and t.
13
Let x = -31 - -51. Suppose -14 = -2*w + 16. Suppose 0*m + w = 3*m. Calculate the highest common factor of m and x.
5
Let c(o) = o**3 - 16*o**2 - 17*o + 4. Let j be c(17). Let f = 13 - 5. What is the greatest common factor of j and f?
4
Let b(i) = 3*i**2 + 11*i - 6. Let w be b(-5). Calculate the highest common divisor of 154 and w.
14
Let w(x) = 3 + 3*x - x**2 + 0 + 5*x - 1. Let s be w(8). Calculate the highest common factor of s and 16.
2
Let c = -4 - -14. What is the greatest common divisor of c and 15?
5
Let y be 82 - 3*2*8/48. Calculate the highest common divisor of 54 and y.
27
Let a(s) = 29*s**3 - 4*s**2 + 6*s - 1. Let z be a(1). Suppose 2*g - 4*h - 53 + 5 = 0, -2*g + 72 = 4*h. What is the highest common factor of g and z?
30
Let l = 287 + -199. Calculate the highest c